{"id":5313,"date":"2016-07-21T10:07:49","date_gmt":"2016-07-21T08:07:49","guid":{"rendered":"http:\/\/www.gwennili.net\/de\/?page_id=5313"},"modified":"2017-02-16T10:36:17","modified_gmt":"2017-02-16T09:36:17","slug":"se-former","status":"publish","type":"page","link":"http:\/\/www.gwennili.net\/de\/se-former\/","title":{"rendered":"Fortbildungen und Seminare"},"content":{"rendered":"<p>[vc_row][vc_column]<div class=\"title-subtile-holder\"><h1 class=\"section-title dark_title\">Fortbildungen und Projektbetreuung<\/h1><div class=\"section-border dark_border\"><\/div><div class=\"section-subtitle dark_subtitle\"><\/div><\/div>[vc_column_text]Sie sind ein Jugendlicher und Sie wollen zusammen mit Jugendlichen eines anderen europ\u00e4ischen Landes ein Projekt auf die Beine Stellen, aber Sie wissen nicht so recht, wie?<br \/>\nSie sind Gruppenleiter und Sie w\u00fcrden gerne einer ihrer Jugendgruppen bei der Entwicklung eines Projekts unterst\u00fctzen?<br \/>\nSie sind eine Einrichtung der Jugendarbeit und Sie w\u00fcrden gerne ein europ\u00e4isches Projekt durchf\u00fchren?<\/p>\n<p>Im Moment haben Sie mehr Fragen als Antworten?<\/p>\n<p>Eines unserer Arbeitsgebiete ist es auch, eine<strong> Hilfestellung bei der Entwicklung<\/strong> von europ\u00e4ischen Projekten mit und f\u00fcr Jugendliche des Departments und der Region zu geben.<\/p>\n<p>So organisieren wir <strong>Fortbildungen<\/strong>, sind bei <strong>Informationsveranstaltungen<\/strong> vertreten und helfen auch bei<strong> individuellen Nachfragen<\/strong> weiter.<\/p>\n<p>Die beste Art und Weise, Organisation und Durchf\u00fchrung einer interkulturellen Begegnung zu erlernen, ist es, eine solche am eigenen Leibe zu<strong> erfahren<\/strong>. Davon sind wir \u00fcberzeugt. Deshalb bieten wir <strong>Seminare<\/strong> mit Themen wie <strong>Sprachanimation<\/strong> oder Konzeption von Austauschprojekten im Rahmen von <strong>internationalen Fortbildungen<\/strong> in der Bretagne oder im Ausland an.<br \/>\nDiese Fortbildungen wenden sich an P\u00e4dagogen, Studenten, die gelegentlich in Jugendprojekten mitarbeiten oder auch an Lehrer, die Austauschprojekte f\u00fcr ihre Sch\u00fcler organisieren oder organisieren wollen.<br \/>\nEs werden auch p\u00e4dagogische Aspekte der Begegnung, Methoden der nicht-formalen Bildung \u00a0sowie spezifische Methoden des interkulturellen Lernens<\/p>\n<p><a href=\"http:\/\/www.gwennili.net\/de\/kontakt\/\">Kontaktieren<\/a> Sie uns gerne, wenn Sie weitere Fragen haben.[\/vc_column_text][\/vc_column][\/vc_row][vc_row full_width=\u00a0\u00bbstretch_row\u00a0\u00bb][vc_column]<div class=\"courses-list row relative animateIn\" data-animate=\"\"><\/div>[\/vc_column][\/vc_row]<\/p>\n","protected":false},"excerpt":{"rendered":"<p>[vc_row][vc_column][vc_column_text]Sie sind ein Jugendlicher und Sie wollen zusammen mit Jugendlichen eines anderen europ\u00e4ischen Landes ein Projekt auf die Beine Stellen, aber Sie wissen nicht so recht, wie? Sie sind Gruppenleiter [&hellip;]<\/p>\n","protected":false},"author":2,"featured_media":5606,"parent":0,"menu_order":0,"comment_status":"closed","ping_status":"closed","template":"templates\/template-page-left-sidebar.php","meta":[],"yoast_head":"<!-- This site is optimized with the Yoast SEO plugin v21.8.1 - https:\/\/yoast.com\/wordpress\/plugins\/seo\/ -->\n<title>Fortbildungen und Seminare - Gwennili<\/title>\n<meta name=\"robots\" content=\"index, follow, max-snippet:-1, max-image-preview:large, max-video-preview:-1\" \/>\n<link rel=\"canonical\" href=\"http:\/\/www.gwennili.net\/de\/se-former\/\" \/>\n<meta property=\"og:locale\" content=\"fr_FR\" \/>\n<meta property=\"og:type\" content=\"article\" \/>\n<meta property=\"og:title\" content=\"Fortbildungen und Seminare - Gwennili\" \/>\n<meta property=\"og:description\" content=\"[vc_row][vc_column][vc_column_text]Sie sind ein Jugendlicher und Sie wollen zusammen mit Jugendlichen eines anderen europ\u00e4ischen Landes ein Projekt auf die Beine Stellen, aber Sie wissen nicht so recht, wie? Sie sind Gruppenleiter [&hellip;]\" \/>\n<meta property=\"og:url\" content=\"http:\/\/www.gwennili.net\/de\/se-former\/\" \/>\n<meta property=\"og:site_name\" content=\"Gwennili\" \/>\n<meta property=\"article:modified_time\" content=\"2017-02-16T09:36:17+00:00\" \/>\n<meta property=\"og:image\" content=\"http:\/\/www.gwennili.net\/de\/wp-content\/uploads\/2016\/07\/DSC00288-1.jpg\" \/>\n\t<meta property=\"og:image:width\" content=\"1279\" \/>\n\t<meta property=\"og:image:height\" content=\"679\" \/>\n\t<meta property=\"og:image:type\" content=\"image\/jpeg\" \/>\n<meta name=\"twitter:card\" content=\"summary_large_image\" \/>\n<meta name=\"twitter:label1\" content=\"Dur\u00e9e de lecture estim\u00e9e\" \/>\n\t<meta name=\"twitter:data1\" content=\"1 minute\" \/>\n<script type=\"application\/ld+json\" class=\"yoast-schema-graph\">{\"@context\":\"https:\/\/schema.org\",\"@graph\":[{\"@type\":\"WebPage\",\"@id\":\"http:\/\/www.gwennili.net\/de\/se-former\/\",\"url\":\"http:\/\/www.gwennili.net\/de\/se-former\/\",\"name\":\"Fortbildungen und Seminare - Gwennili\",\"isPartOf\":{\"@id\":\"https:\/\/www.gwennili.net\/de\/#website\"},\"datePublished\":\"2016-07-21T08:07:49+00:00\",\"dateModified\":\"2017-02-16T09:36:17+00:00\",\"breadcrumb\":{\"@id\":\"http:\/\/www.gwennili.net\/de\/se-former\/#breadcrumb\"},\"inLanguage\":\"fr-FR\",\"potentialAction\":[{\"@type\":\"ReadAction\",\"target\":[\"http:\/\/www.gwennili.net\/de\/se-former\/\"]}]},{\"@type\":\"BreadcrumbList\",\"@id\":\"http:\/\/www.gwennili.net\/de\/se-former\/#breadcrumb\",\"itemListElement\":[{\"@type\":\"ListItem\",\"position\":1,\"name\":\"Accueil\",\"item\":\"http:\/\/www.gwennili.net\/de\/\"},{\"@type\":\"ListItem\",\"position\":2,\"name\":\"Fortbildungen und Seminare\"}]},{\"@type\":\"WebSite\",\"@id\":\"https:\/\/www.gwennili.net\/de\/#website\",\"url\":\"https:\/\/www.gwennili.net\/de\/\",\"name\":\"Gwennili\",\"description\":\"Rencontres et \u00c9changes Interculturels\",\"potentialAction\":[{\"@type\":\"SearchAction\",\"target\":{\"@type\":\"EntryPoint\",\"urlTemplate\":\"https:\/\/www.gwennili.net\/de\/?s={search_term_string}\"},\"query-input\":\"required name=search_term_string\"}],\"inLanguage\":\"fr-FR\"}]}<\/script>\n<!-- \/ Yoast SEO plugin. -->","yoast_head_json":{"title":"Fortbildungen und Seminare - Gwennili","robots":{"index":"index","follow":"follow","max-snippet":"max-snippet:-1","max-image-preview":"max-image-preview:large","max-video-preview":"max-video-preview:-1"},"canonical":"http:\/\/www.gwennili.net\/de\/se-former\/","og_locale":"fr_FR","og_type":"article","og_title":"Fortbildungen und Seminare - Gwennili","og_description":"[vc_row][vc_column][vc_column_text]Sie sind ein Jugendlicher und Sie wollen zusammen mit Jugendlichen eines anderen europ\u00e4ischen Landes ein Projekt auf die Beine Stellen, aber Sie wissen nicht so recht, wie? Sie sind Gruppenleiter [&hellip;]","og_url":"http:\/\/www.gwennili.net\/de\/se-former\/","og_site_name":"Gwennili","article_modified_time":"2017-02-16T09:36:17+00:00","og_image":[{"width":1279,"height":679,"url":"http:\/\/www.gwennili.net\/de\/wp-content\/uploads\/2016\/07\/DSC00288-1.jpg","type":"image\/jpeg"}],"twitter_card":"summary_large_image","twitter_misc":{"Dur\u00e9e de lecture estim\u00e9e":"1 minute"},"schema":{"@context":"https:\/\/schema.org","@graph":[{"@type":"WebPage","@id":"http:\/\/www.gwennili.net\/de\/se-former\/","url":"http:\/\/www.gwennili.net\/de\/se-former\/","name":"Fortbildungen und Seminare - Gwennili","isPartOf":{"@id":"https:\/\/www.gwennili.net\/de\/#website"},"datePublished":"2016-07-21T08:07:49+00:00","dateModified":"2017-02-16T09:36:17+00:00","breadcrumb":{"@id":"http:\/\/www.gwennili.net\/de\/se-former\/#breadcrumb"},"inLanguage":"fr-FR","potentialAction":[{"@type":"ReadAction","target":["http:\/\/www.gwennili.net\/de\/se-former\/"]}]},{"@type":"BreadcrumbList","@id":"http:\/\/www.gwennili.net\/de\/se-former\/#breadcrumb","itemListElement":[{"@type":"ListItem","position":1,"name":"Accueil","item":"http:\/\/www.gwennili.net\/de\/"},{"@type":"ListItem","position":2,"name":"Fortbildungen und Seminare"}]},{"@type":"WebSite","@id":"https:\/\/www.gwennili.net\/de\/#website","url":"https:\/\/www.gwennili.net\/de\/","name":"Gwennili","description":"Rencontres et \u00c9changes Interculturels","potentialAction":[{"@type":"SearchAction","target":{"@type":"EntryPoint","urlTemplate":"https:\/\/www.gwennili.net\/de\/?s={search_term_string}"},"query-input":"required name=search_term_string"}],"inLanguage":"fr-FR"}]}},"_links":{"self":[{"href":"http:\/\/www.gwennili.net\/de\/wp-json\/wp\/v2\/pages\/5313"}],"collection":[{"href":"http:\/\/www.gwennili.net\/de\/wp-json\/wp\/v2\/pages"}],"about":[{"href":"http:\/\/www.gwennili.net\/de\/wp-json\/wp\/v2\/types\/page"}],"author":[{"embeddable":true,"href":"http:\/\/www.gwennili.net\/de\/wp-json\/wp\/v2\/users\/2"}],"replies":[{"embeddable":true,"href":"http:\/\/www.gwennili.net\/de\/wp-json\/wp\/v2\/comments?post=5313"}],"version-history":[{"count":5,"href":"http:\/\/www.gwennili.net\/de\/wp-json\/wp\/v2\/pages\/5313\/revisions"}],"predecessor-version":[{"id":7010,"href":"http:\/\/www.gwennili.net\/de\/wp-json\/wp\/v2\/pages\/5313\/revisions\/7010"}],"wp:featuredmedia":[{"embeddable":true,"href":"http:\/\/www.gwennili.net\/de\/wp-json\/wp\/v2\/media\/5606"}],"wp:attachment":[{"href":"http:\/\/www.gwennili.net\/de\/wp-json\/wp\/v2\/media?parent=5313"}],"curies":[{"name":"wp","href":"https:\/\/api.w.org\/{rel}","templated":true}]}}

<p>[vc_row][vc_column]<div class="title-subtile-holder"><h1 class="section-title dark_title">Fortbildungen und Projektbetreuung</h1><div class="section-border dark_border"></div><div class="section-subtitle dark_subtitle"></div></div>[vc_column_text]Sie sind ein Jugendlicher und Sie wollen zusammen mit Jugendlichen eines anderen europäischen Landes ein Projekt auf die Beine Stellen, aber Sie wissen nicht so recht, wie?<br />
Sie sind Gruppenleiter und Sie würden gerne einer ihrer Jugendgruppen bei der Entwicklung eines Projekts unterstützen?<br />
Sie sind eine Einrichtung der Jugendarbeit und Sie würden gerne ein europäisches Projekt durchführen?</p>
<p>Im Moment haben Sie mehr Fragen als Antworten?</p>
<p>Eines unserer Arbeitsgebiete ist es auch, eine<strong> Hilfestellung bei der Entwicklung</strong> von europäischen Projekten mit und für Jugendliche des Departments und der Region zu geben.</p>
<p>So organisieren wir <strong>Fortbildungen</strong>, sind bei <strong>Informationsveranstaltungen</strong> vertreten und helfen auch bei<strong> individuellen Nachfragen</strong> weiter.</p>
<p>Die beste Art und Weise, Organisation und Durchführung einer interkulturellen Begegnung zu erlernen, ist es, eine solche am eigenen Leibe zu<strong> erfahren</strong>. Davon sind wir überzeugt. Deshalb bieten wir <strong>Seminare</strong> mit Themen wie <strong>Sprachanimation</strong> oder Konzeption von Austauschprojekten im Rahmen von <strong>internationalen Fortbildungen</strong> in der Bretagne oder im Ausland an.<br />
Diese Fortbildungen wenden sich an Pädagogen, Studenten, die gelegentlich in Jugendprojekten mitarbeiten oder auch an Lehrer, die Austauschprojekte für ihre Schüler organisieren oder organisieren wollen.<br />
Es werden auch pädagogische Aspekte der Begegnung, Methoden der nicht-formalen Bildung  sowie spezifische Methoden des interkulturellen Lernens</p>
<p><a href="http://www.gwennili.net/de/kontakt/">Kontaktieren</a> Sie uns gerne, wenn Sie weitere Fragen haben.[/vc_column_text][/vc_column][/vc_row][vc_row full_width= »stretch_row »][vc_column]<div class="courses-list row relative animateIn" data-animate=""></div>[/vc_column][/vc_row]</p>

<p>[vc_row][vc_column][vc_column_text]Sie sind ein Jugendlicher und Sie wollen zusammen mit Jugendlichen eines anderen europäischen Landes ein Projekt auf die Beine Stellen, aber Sie wissen nicht so recht, wie? Sie sind Gruppenleiter [&hellip;]</p>

<!-- This site is optimized with the Yoast SEO plugin v21.8.1 - https://yoast.com/wordpress/plugins/seo/ -->
<title>Fortbildungen und Seminare - Gwennili</title>
<meta name="robots" content="index, follow, max-snippet:-1, max-image-preview:large, max-video-preview:-1" />
<link rel="canonical" href="http://www.gwennili.net/de/se-former/" />
<meta property="og:locale" content="fr_FR" />
<meta property="og:type" content="article" />
<meta property="og:title" content="Fortbildungen und Seminare - Gwennili" />
<meta property="og:description" content="[vc_row][vc_column][vc_column_text]Sie sind ein Jugendlicher und Sie wollen zusammen mit Jugendlichen eines anderen europäischen Landes ein Projekt auf die Beine Stellen, aber Sie wissen nicht so recht, wie? Sie sind Gruppenleiter [&hellip;]" />
<meta property="og:url" content="http://www.gwennili.net/de/se-former/" />
<meta property="og:site_name" content="Gwennili" />
<meta property="article:modified_time" content="2017-02-16T09:36:17+00:00" />
<meta property="og:image" content="http://www.gwennili.net/de/wp-content/uploads/2016/07/DSC00288-1.jpg" />
	<meta property="og:image:width" content="1279" />
	<meta property="og:image:height" content="679" />
	<meta property="og:image:type" content="image/jpeg" />
<meta name="twitter:card" content="summary_large_image" />
<meta name="twitter:label1" content="Durée de lecture estimée" />
	<meta name="twitter:data1" content="1 minute" />
<script type="application/ld+json" class="yoast-schema-graph">{"@context":"https://schema.org","@graph":[{"@type":"WebPage","@id":"http://www.gwennili.net/de/se-former/","url":"http://www.gwennili.net/de/se-former/","name":"Fortbildungen und Seminare - Gwennili","isPartOf":{"@id":"https://www.gwennili.net/de/#website"},"datePublished":"2016-07-21T08:07:49+00:00","dateModified":"2017-02-16T09:36:17+00:00","breadcrumb":{"@id":"http://www.gwennili.net/de/se-former/#breadcrumb"},"inLanguage":"fr-FR","potentialAction":[{"@type":"ReadAction","target":["http://www.gwennili.net/de/se-former/"]}]},{"@type":"BreadcrumbList","@id":"http://www.gwennili.net/de/se-former/#breadcrumb","itemListElement":[{"@type":"ListItem","position":1,"name":"Accueil","item":"http://www.gwennili.net/de/"},{"@type":"ListItem","position":2,"name":"Fortbildungen und Seminare"}]},{"@type":"WebSite","@id":"https://www.gwennili.net/de/#website","url":"https://www.gwennili.net/de/","name":"Gwennili","description":"Rencontres et Échanges Interculturels","potentialAction":[{"@type":"SearchAction","target":{"@type":"EntryPoint","urlTemplate":"https://www.gwennili.net/de/?s={search_term_string}"},"query-input":"required name=search_term_string"}],"inLanguage":"fr-FR"}]}</script>
<!-- / Yoast SEO plugin. -->

[vc_row][vc_column][vc_column_text]Sie sind ein Jugendlicher und Sie wollen zusammen mit Jugendlichen eines anderen europäischen Landes ein Projekt auf die Beine Stellen, aber Sie wissen nicht so recht, wie? Sie sind Gruppenleiter [&hellip;]

Rencontres et Échanges Interculturels
