{"id":5313,"date":"2016-07-21T10:07:49","date_gmt":"2016-07-21T08:07:49","guid":{"rendered":"http:\/\/www.gwennili.net\/en\/?page_id=5313"},"modified":"2016-10-17T14:20:47","modified_gmt":"2016-10-17T12:20:47","slug":"se-former","status":"publish","type":"page","link":"http:\/\/www.gwennili.net\/en\/se-former\/","title":{"rendered":"Stages et ateliers"},"content":{"rendered":"<p>[vc_row][vc_column]<div class=\"title-subtile-holder\"><h1 class=\"section-title dark_title\">Formation et accompagnement<\/h1><div class=\"section-border dark_border\"><\/div><div class=\"section-subtitle dark_subtitle\"><\/div><\/div>[vc_column_text]Vous \u00eates jeune et vous voulez monter un projet avec des jeunes d\u2019un autre pays europ\u00e9en mais vous ne savez pas comment vous y prendre ?<\/p>\n<p>Vous \u00eates animateur et vous souhaitez accompagner un groupe de jeunes avec lesquels vous travaillez dans le d\u00e9veloppement de leur projet, mais vous ne savez pas par o\u00f9 commencer ?<\/p>\n<p>Vous \u00eates une structure d\u2019animation et vous souhaitez mettre en place un projet europ\u00e9en ?<\/p>\n<p>Vous \u00eates enseignant et vous avez besoin d&rsquo;outils pour organiser et\/ou animer un projet europ\u00e9en ?<\/p>\n<p>Mais pour l\u2019instant vous avez plus de questions que de r\u00e9ponses&#8230;<\/p>\n<p>Une de nos missions est \u00e9galement d\u2019<strong>aider au d\u00e9veloppement de projets europ\u00e9ens<\/strong> avec et pour des jeunes dans le d\u00e9partement et la r\u00e9gion.<\/p>\n<p>Pour cela nous organisons des <strong>stages de formation<\/strong>, animons des <strong>ateliers d\u2019information<\/strong> mais aussi nous r\u00e9pondons aux demandes individuelles, diverses et vari\u00e9es (recherche de partenaires, financement, mise en place\u2026).<\/p>\n<p>Comme nous sommes convaincus que <strong>la meilleure mani\u00e8re d\u2019apprendre \u00e0 r\u00e9aliser un \u00e9change c\u2019est de l\u2019apprendre en contexte interculturel<\/strong>, nous organisons des formations \u00e0 l\u2019animation et au montage d\u2019\u00e9change sous forme de stage internationaux, en Bretagne ou \u00e0 l\u2019\u00e9tranger.<\/p>\n<p>Ces stages s\u2019adressent \u00e0 des animateurs professionnels, des \u00e9tudiants qui travaillent occasionnellement dans des projets de jeunes ou encore des enseignants qui organisent ou souhaitent organiser des \u00e9changes avec leurs \u00e9l\u00e8ves.<br \/>\nOutre la d\u00e9marche pour d\u00e9velopper un projet de rencontre, nous abordons aussi largement les aspects p\u00e9dagogiques des rencontres et les m\u00e9thodes sp\u00e9cifiques \u00e0 l\u2019apprentissage interculturel.<\/p>\n<p>&nbsp;<\/p>\n<h4><em>Sont pr\u00e9vus en 2016-2017 :<\/em><\/h4>\n<p><em><b>Formation franco-allemande-polonaise : les \u00e9changes internationaux pas \u00e0 pas <\/b>, cycle de trois stages pour animateurs d\u2019\u00e9changes, soutenu par l\u2019OFAJ<\/em><br \/>\n<em>Ch\u00e2teaulin 9-16 avril 2016, Neuruppin (All) 10-17 juillet 2016, Wroclaw (Pol) 6-13 janvier 2017<\/em><\/p>\n<p><em><b>Formation franco-allemande \u00e0 l\u2019animation linguistique : <\/b>Il s\u2019agit de d\u00e9couvrir et apprendre \u00e0 utiliser cette m\u00e9thode d\u00e9velopp\u00e9e par l\u2019OFAJ et particuli\u00e8rement utile pour stimuler la communication et les \u00e9changes pendant une rencontre de jeunes.<\/em><br \/>\n<em><b> Mo\u00eblan-sur-Mer (29), du 23 au 28 ao\u00fbt 2016<\/b><\/em><\/p>\n<p>&nbsp;<\/p>\n<p>N&rsquo;h\u00e9sitez pas \u00e0 <a href=\"http:\/\/www.gwennili.net\/en\/contact\/\">nous contacter<\/a> pour en savoir plus ![\/vc_column_text][\/vc_column][\/vc_row][vc_row full_width=\u00a0\u00bbstretch_row\u00a0\u00bb][vc_column]<div class=\"courses-list row relative animateIn\" data-animate=\"\"><\/div>[\/vc_column][\/vc_row]<\/p>\n","protected":false},"excerpt":{"rendered":"<p>[vc_row][vc_column][vc_column_text]Vous \u00eates jeune et vous voulez monter un projet avec des jeunes d\u2019un autre pays europ\u00e9en mais vous ne savez pas comment vous y prendre ? Vous \u00eates animateur et [&hellip;]<\/p>\n","protected":false},"author":2,"featured_media":5606,"parent":0,"menu_order":0,"comment_status":"closed","ping_status":"closed","template":"templates\/template-page-left-sidebar.php","meta":[],"yoast_head":"<!-- This site is optimized with the Yoast SEO plugin v21.8.1 - https:\/\/yoast.com\/wordpress\/plugins\/seo\/ -->\n<title>Stages et ateliers - Gwennili<\/title>\n<meta name=\"robots\" content=\"index, follow, max-snippet:-1, max-image-preview:large, max-video-preview:-1\" \/>\n<link rel=\"canonical\" href=\"http:\/\/www.gwennili.net\/en\/se-former\/\" \/>\n<meta property=\"og:locale\" content=\"fr_FR\" \/>\n<meta property=\"og:type\" content=\"article\" \/>\n<meta property=\"og:title\" content=\"Stages et ateliers - Gwennili\" \/>\n<meta property=\"og:description\" content=\"[vc_row][vc_column][vc_column_text]Vous \u00eates jeune et vous voulez monter un projet avec des jeunes d\u2019un autre pays europ\u00e9en mais vous ne savez pas comment vous y prendre ? Vous \u00eates animateur et [&hellip;]\" \/>\n<meta property=\"og:url\" content=\"http:\/\/www.gwennili.net\/en\/se-former\/\" \/>\n<meta property=\"og:site_name\" content=\"Gwennili\" \/>\n<meta property=\"article:modified_time\" content=\"2016-10-17T12:20:47+00:00\" \/>\n<meta property=\"og:image\" content=\"http:\/\/www.gwennili.net\/en\/wp-content\/uploads\/2016\/07\/DSC00288-1.jpg\" \/>\n\t<meta property=\"og:image:width\" content=\"1279\" \/>\n\t<meta property=\"og:image:height\" content=\"679\" \/>\n\t<meta property=\"og:image:type\" content=\"image\/jpeg\" \/>\n<meta name=\"twitter:card\" content=\"summary_large_image\" \/>\n<meta name=\"twitter:label1\" content=\"Dur\u00e9e de lecture estim\u00e9e\" \/>\n\t<meta name=\"twitter:data1\" content=\"2 minutes\" \/>\n<script type=\"application\/ld+json\" class=\"yoast-schema-graph\">{\"@context\":\"https:\/\/schema.org\",\"@graph\":[{\"@type\":\"WebPage\",\"@id\":\"http:\/\/www.gwennili.net\/en\/se-former\/\",\"url\":\"http:\/\/www.gwennili.net\/en\/se-former\/\",\"name\":\"Stages et ateliers - Gwennili\",\"isPartOf\":{\"@id\":\"http:\/\/www.gwennili.net\/en\/#website\"},\"datePublished\":\"2016-07-21T08:07:49+00:00\",\"dateModified\":\"2016-10-17T12:20:47+00:00\",\"breadcrumb\":{\"@id\":\"http:\/\/www.gwennili.net\/en\/se-former\/#breadcrumb\"},\"inLanguage\":\"fr-FR\",\"potentialAction\":[{\"@type\":\"ReadAction\",\"target\":[\"http:\/\/www.gwennili.net\/en\/se-former\/\"]}]},{\"@type\":\"BreadcrumbList\",\"@id\":\"http:\/\/www.gwennili.net\/en\/se-former\/#breadcrumb\",\"itemListElement\":[{\"@type\":\"ListItem\",\"position\":1,\"name\":\"Accueil\",\"item\":\"http:\/\/www.gwennili.net\/en\/\"},{\"@type\":\"ListItem\",\"position\":2,\"name\":\"Stages et ateliers\"}]},{\"@type\":\"WebSite\",\"@id\":\"http:\/\/www.gwennili.net\/en\/#website\",\"url\":\"http:\/\/www.gwennili.net\/en\/\",\"name\":\"Gwennili\",\"description\":\"Rencontres et \u00c9changes Interculturels\",\"potentialAction\":[{\"@type\":\"SearchAction\",\"target\":{\"@type\":\"EntryPoint\",\"urlTemplate\":\"http:\/\/www.gwennili.net\/en\/?s={search_term_string}\"},\"query-input\":\"required name=search_term_string\"}],\"inLanguage\":\"fr-FR\"}]}<\/script>\n<!-- \/ Yoast SEO plugin. -->","yoast_head_json":{"title":"Stages et ateliers - Gwennili","robots":{"index":"index","follow":"follow","max-snippet":"max-snippet:-1","max-image-preview":"max-image-preview:large","max-video-preview":"max-video-preview:-1"},"canonical":"http:\/\/www.gwennili.net\/en\/se-former\/","og_locale":"fr_FR","og_type":"article","og_title":"Stages et ateliers - Gwennili","og_description":"[vc_row][vc_column][vc_column_text]Vous \u00eates jeune et vous voulez monter un projet avec des jeunes d\u2019un autre pays europ\u00e9en mais vous ne savez pas comment vous y prendre ? Vous \u00eates animateur et [&hellip;]","og_url":"http:\/\/www.gwennili.net\/en\/se-former\/","og_site_name":"Gwennili","article_modified_time":"2016-10-17T12:20:47+00:00","og_image":[{"width":1279,"height":679,"url":"http:\/\/www.gwennili.net\/en\/wp-content\/uploads\/2016\/07\/DSC00288-1.jpg","type":"image\/jpeg"}],"twitter_card":"summary_large_image","twitter_misc":{"Dur\u00e9e de lecture estim\u00e9e":"2 minutes"},"schema":{"@context":"https:\/\/schema.org","@graph":[{"@type":"WebPage","@id":"http:\/\/www.gwennili.net\/en\/se-former\/","url":"http:\/\/www.gwennili.net\/en\/se-former\/","name":"Stages et ateliers - Gwennili","isPartOf":{"@id":"http:\/\/www.gwennili.net\/en\/#website"},"datePublished":"2016-07-21T08:07:49+00:00","dateModified":"2016-10-17T12:20:47+00:00","breadcrumb":{"@id":"http:\/\/www.gwennili.net\/en\/se-former\/#breadcrumb"},"inLanguage":"fr-FR","potentialAction":[{"@type":"ReadAction","target":["http:\/\/www.gwennili.net\/en\/se-former\/"]}]},{"@type":"BreadcrumbList","@id":"http:\/\/www.gwennili.net\/en\/se-former\/#breadcrumb","itemListElement":[{"@type":"ListItem","position":1,"name":"Accueil","item":"http:\/\/www.gwennili.net\/en\/"},{"@type":"ListItem","position":2,"name":"Stages et ateliers"}]},{"@type":"WebSite","@id":"http:\/\/www.gwennili.net\/en\/#website","url":"http:\/\/www.gwennili.net\/en\/","name":"Gwennili","description":"Rencontres et \u00c9changes Interculturels","potentialAction":[{"@type":"SearchAction","target":{"@type":"EntryPoint","urlTemplate":"http:\/\/www.gwennili.net\/en\/?s={search_term_string}"},"query-input":"required name=search_term_string"}],"inLanguage":"fr-FR"}]}},"_links":{"self":[{"href":"http:\/\/www.gwennili.net\/en\/wp-json\/wp\/v2\/pages\/5313"}],"collection":[{"href":"http:\/\/www.gwennili.net\/en\/wp-json\/wp\/v2\/pages"}],"about":[{"href":"http:\/\/www.gwennili.net\/en\/wp-json\/wp\/v2\/types\/page"}],"author":[{"embeddable":true,"href":"http:\/\/www.gwennili.net\/en\/wp-json\/wp\/v2\/users\/2"}],"replies":[{"embeddable":true,"href":"http:\/\/www.gwennili.net\/en\/wp-json\/wp\/v2\/comments?post=5313"}],"version-history":[{"count":5,"href":"http:\/\/www.gwennili.net\/en\/wp-json\/wp\/v2\/pages\/5313\/revisions"}],"predecessor-version":[{"id":6078,"href":"http:\/\/www.gwennili.net\/en\/wp-json\/wp\/v2\/pages\/5313\/revisions\/6078"}],"wp:featuredmedia":[{"embeddable":true,"href":"http:\/\/www.gwennili.net\/en\/wp-json\/wp\/v2\/media\/5606"}],"wp:attachment":[{"href":"http:\/\/www.gwennili.net\/en\/wp-json\/wp\/v2\/media?parent=5313"}],"curies":[{"name":"wp","href":"https:\/\/api.w.org\/{rel}","templated":true}]}}

<p>[vc_row][vc_column]<div class="title-subtile-holder"><h1 class="section-title dark_title">Formation et accompagnement</h1><div class="section-border dark_border"></div><div class="section-subtitle dark_subtitle"></div></div>[vc_column_text]Vous êtes jeune et vous voulez monter un projet avec des jeunes d’un autre pays européen mais vous ne savez pas comment vous y prendre ?</p>
<p>Vous êtes animateur et vous souhaitez accompagner un groupe de jeunes avec lesquels vous travaillez dans le développement de leur projet, mais vous ne savez pas par où commencer ?</p>
<p>Vous êtes une structure d’animation et vous souhaitez mettre en place un projet européen ?</p>
<p>Vous êtes enseignant et vous avez besoin d&rsquo;outils pour organiser et/ou animer un projet européen ?</p>
<p>Mais pour l’instant vous avez plus de questions que de réponses&#8230;</p>
<p>Une de nos missions est également d’<strong>aider au développement de projets européens</strong> avec et pour des jeunes dans le département et la région.</p>
<p>Pour cela nous organisons des <strong>stages de formation</strong>, animons des <strong>ateliers d’information</strong> mais aussi nous répondons aux demandes individuelles, diverses et variées (recherche de partenaires, financement, mise en place…).</p>
<p>Comme nous sommes convaincus que <strong>la meilleure manière d’apprendre à réaliser un échange c’est de l’apprendre en contexte interculturel</strong>, nous organisons des formations à l’animation et au montage d’échange sous forme de stage internationaux, en Bretagne ou à l’étranger.</p>
<p>Ces stages s’adressent à des animateurs professionnels, des étudiants qui travaillent occasionnellement dans des projets de jeunes ou encore des enseignants qui organisent ou souhaitent organiser des échanges avec leurs élèves.<br />
Outre la démarche pour développer un projet de rencontre, nous abordons aussi largement les aspects pédagogiques des rencontres et les méthodes spécifiques à l’apprentissage interculturel.</p>
<p>&nbsp;</p>
<h4><em>Sont prévus en 2016-2017 :</em></h4>
<p><em><b>Formation franco-allemande-polonaise : les échanges internationaux pas à pas </b>, cycle de trois stages pour animateurs d’échanges, soutenu par l’OFAJ</em><br />
<em>Châteaulin 9-16 avril 2016, Neuruppin (All) 10-17 juillet 2016, Wroclaw (Pol) 6-13 janvier 2017</em></p>
<p><em><b>Formation franco-allemande à l’animation linguistique : </b>Il s’agit de découvrir et apprendre à utiliser cette méthode développée par l’OFAJ et particulièrement utile pour stimuler la communication et les échanges pendant une rencontre de jeunes.</em><br />
<em><b> Moëlan-sur-Mer (29), du 23 au 28 août 2016</b></em></p>
<p>&nbsp;</p>
<p>N&rsquo;hésitez pas à <a href="http://www.gwennili.net/en/contact/">nous contacter</a> pour en savoir plus ![/vc_column_text][/vc_column][/vc_row][vc_row full_width= »stretch_row »][vc_column]<div class="courses-list row relative animateIn" data-animate=""></div>[/vc_column][/vc_row]</p>

<p>[vc_row][vc_column][vc_column_text]Vous êtes jeune et vous voulez monter un projet avec des jeunes d’un autre pays européen mais vous ne savez pas comment vous y prendre ? Vous êtes animateur et [&hellip;]</p>

<!-- This site is optimized with the Yoast SEO plugin v21.8.1 - https://yoast.com/wordpress/plugins/seo/ -->
<title>Stages et ateliers - Gwennili</title>
<meta name="robots" content="index, follow, max-snippet:-1, max-image-preview:large, max-video-preview:-1" />
<link rel="canonical" href="http://www.gwennili.net/en/se-former/" />
<meta property="og:locale" content="fr_FR" />
<meta property="og:type" content="article" />
<meta property="og:title" content="Stages et ateliers - Gwennili" />
<meta property="og:description" content="[vc_row][vc_column][vc_column_text]Vous êtes jeune et vous voulez monter un projet avec des jeunes d’un autre pays européen mais vous ne savez pas comment vous y prendre ? Vous êtes animateur et [&hellip;]" />
<meta property="og:url" content="http://www.gwennili.net/en/se-former/" />
<meta property="og:site_name" content="Gwennili" />
<meta property="article:modified_time" content="2016-10-17T12:20:47+00:00" />
<meta property="og:image" content="http://www.gwennili.net/en/wp-content/uploads/2016/07/DSC00288-1.jpg" />
	<meta property="og:image:width" content="1279" />
	<meta property="og:image:height" content="679" />
	<meta property="og:image:type" content="image/jpeg" />
<meta name="twitter:card" content="summary_large_image" />
<meta name="twitter:label1" content="Durée de lecture estimée" />
	<meta name="twitter:data1" content="2 minutes" />
<script type="application/ld+json" class="yoast-schema-graph">{"@context":"https://schema.org","@graph":[{"@type":"WebPage","@id":"http://www.gwennili.net/en/se-former/","url":"http://www.gwennili.net/en/se-former/","name":"Stages et ateliers - Gwennili","isPartOf":{"@id":"http://www.gwennili.net/en/#website"},"datePublished":"2016-07-21T08:07:49+00:00","dateModified":"2016-10-17T12:20:47+00:00","breadcrumb":{"@id":"http://www.gwennili.net/en/se-former/#breadcrumb"},"inLanguage":"fr-FR","potentialAction":[{"@type":"ReadAction","target":["http://www.gwennili.net/en/se-former/"]}]},{"@type":"BreadcrumbList","@id":"http://www.gwennili.net/en/se-former/#breadcrumb","itemListElement":[{"@type":"ListItem","position":1,"name":"Accueil","item":"http://www.gwennili.net/en/"},{"@type":"ListItem","position":2,"name":"Stages et ateliers"}]},{"@type":"WebSite","@id":"http://www.gwennili.net/en/#website","url":"http://www.gwennili.net/en/","name":"Gwennili","description":"Rencontres et Échanges Interculturels","potentialAction":[{"@type":"SearchAction","target":{"@type":"EntryPoint","urlTemplate":"http://www.gwennili.net/en/?s={search_term_string}"},"query-input":"required name=search_term_string"}],"inLanguage":"fr-FR"}]}</script>
<!-- / Yoast SEO plugin. -->

[vc_row][vc_column][vc_column_text]Vous êtes jeune et vous voulez monter un projet avec des jeunes d’un autre pays européen mais vous ne savez pas comment vous y prendre ? Vous êtes animateur et [&hellip;]

Rencontres et Échanges Interculturels
