{"id":5401,"date":"2016-07-21T14:05:40","date_gmt":"2016-07-21T12:05:40","guid":{"rendered":"http:\/\/www.gwennili.net\/fr\/?page_id=5401"},"modified":"2017-01-27T15:37:25","modified_gmt":"2017-01-27T14:37:25","slug":"nos-actions","status":"publish","type":"page","link":"https:\/\/www.gwennili.net\/fr\/association\/nos-actions\/","title":{"rendered":"Nos 4 principales actions"},"content":{"rendered":"<p>[vc_row][vc_column][vc_column_text]Gwennili s&#8217;est donn\u00e9 pour objectif de nombreuses actions dont voici les principales&#8230;[\/vc_column_text][\/vc_column][\/vc_row][vc_row][vc_column]<div class=\"title-subtile-holder\"><h1 class=\"section-title dark_title\">Nos actions<\/h1><div class=\"section-border dark_border\"><\/div><div class=\"section-subtitle dark_subtitle\"><\/div><\/div>[\/vc_column][\/vc_row][vc_row][vc_column][vc_single_image image=&#8221;6950&#8243; img_size=&#8221;full&#8221; alignment=&#8221;center&#8221;][\/vc_column][\/vc_row]<\/p>\n","protected":false},"excerpt":{"rendered":"<p>[vc_row][vc_column][vc_column_text]Gwennili s&#8217;est donn\u00e9 pour objectif de nombreuses actions dont voici les principales&#8230;[\/vc_column_text][\/vc_column][\/vc_row][vc_row][vc_column][\/vc_column][\/vc_row][vc_row][vc_column][vc_single_image image=&#8221;6950&#8243; img_size=&#8221;full&#8221; alignment=&#8221;center&#8221;][\/vc_column][\/vc_row]<\/p>\n","protected":false},"author":2,"featured_media":6950,"parent":5303,"menu_order":0,"comment_status":"closed","ping_status":"closed","template":"templates\/template-page-left-sidebar.php","meta":{"footnotes":""},"yoast_head":"<!-- This site is optimized with the Yoast SEO plugin v23.5 - https:\/\/yoast.com\/wordpress\/plugins\/seo\/ -->\n<title>Nos principales actions - Gwennili, association agr\u00e9\u00e9e de Jeunesse et d\u2019Education Populaire<\/title>\n<meta name=\"description\" content=\"Rencontres europ\u00e9ennes, accompagnement dans le cadre du SVE, formations th\u00e9matiques, conseils sur le montage de projets europ\u00e9ens\" \/>\n<meta name=\"robots\" content=\"index, follow, max-snippet:-1, max-image-preview:large, max-video-preview:-1\" \/>\n<link rel=\"canonical\" href=\"https:\/\/www.gwennili.net\/fr\/association\/nos-actions\/\" \/>\n<meta property=\"og:locale\" content=\"fr_FR\" \/>\n<meta property=\"og:type\" content=\"article\" \/>\n<meta property=\"og:title\" content=\"Nos principales actions - Gwennili, association agr\u00e9\u00e9e de Jeunesse et d\u2019Education Populaire\" \/>\n<meta property=\"og:description\" content=\"Rencontres europ\u00e9ennes, accompagnement dans le cadre du SVE, formations th\u00e9matiques, conseils sur le montage de projets europ\u00e9ens\" \/>\n<meta property=\"og:url\" content=\"https:\/\/www.gwennili.net\/fr\/association\/nos-actions\/\" \/>\n<meta property=\"og:site_name\" content=\"Gwennili\" \/>\n<meta property=\"article:modified_time\" content=\"2017-01-27T14:37:25+00:00\" \/>\n<meta property=\"og:image\" content=\"https:\/\/www.gwennili.net\/fr\/wp-content\/uploads\/2015\/04\/valeurs.jpg\" \/>\n\t<meta property=\"og:image:width\" content=\"800\" \/>\n\t<meta property=\"og:image:height\" content=\"800\" \/>\n\t<meta property=\"og:image:type\" content=\"image\/jpeg\" \/>\n<meta name=\"twitter:card\" content=\"summary_large_image\" \/>\n<script type=\"application\/ld+json\" class=\"yoast-schema-graph\">{\"@context\":\"https:\/\/schema.org\",\"@graph\":[{\"@type\":\"WebPage\",\"@id\":\"https:\/\/www.gwennili.net\/fr\/association\/nos-actions\/\",\"url\":\"https:\/\/www.gwennili.net\/fr\/association\/nos-actions\/\",\"name\":\"Nos principales actions - Gwennili, association agr\u00e9\u00e9e de Jeunesse et d\u2019Education Populaire\",\"isPartOf\":{\"@id\":\"https:\/\/www.gwennili.net\/fr\/#website\"},\"primaryImageOfPage\":{\"@id\":\"https:\/\/www.gwennili.net\/fr\/association\/nos-actions\/#primaryimage\"},\"image\":{\"@id\":\"https:\/\/www.gwennili.net\/fr\/association\/nos-actions\/#primaryimage\"},\"thumbnailUrl\":\"https:\/\/www.gwennili.net\/fr\/wp-content\/uploads\/2015\/04\/valeurs.jpg\",\"datePublished\":\"2016-07-21T12:05:40+00:00\",\"dateModified\":\"2017-01-27T14:37:25+00:00\",\"description\":\"Rencontres europ\u00e9ennes, accompagnement dans le cadre du SVE, formations th\u00e9matiques, conseils sur le montage de projets europ\u00e9ens\",\"breadcrumb\":{\"@id\":\"https:\/\/www.gwennili.net\/fr\/association\/nos-actions\/#breadcrumb\"},\"inLanguage\":\"fr-FR\",\"potentialAction\":[{\"@type\":\"ReadAction\",\"target\":[\"https:\/\/www.gwennili.net\/fr\/association\/nos-actions\/\"]}]},{\"@type\":\"ImageObject\",\"inLanguage\":\"fr-FR\",\"@id\":\"https:\/\/www.gwennili.net\/fr\/association\/nos-actions\/#primaryimage\",\"url\":\"https:\/\/www.gwennili.net\/fr\/wp-content\/uploads\/2015\/04\/valeurs.jpg\",\"contentUrl\":\"https:\/\/www.gwennili.net\/fr\/wp-content\/uploads\/2015\/04\/valeurs.jpg\",\"width\":800,\"height\":800},{\"@type\":\"BreadcrumbList\",\"@id\":\"https:\/\/www.gwennili.net\/fr\/association\/nos-actions\/#breadcrumb\",\"itemListElement\":[{\"@type\":\"ListItem\",\"position\":1,\"name\":\"Accueil\",\"item\":\"https:\/\/www.gwennili.net\/fr\/\"},{\"@type\":\"ListItem\",\"position\":2,\"name\":\"L&#8217;association\",\"item\":\"https:\/\/www.gwennili.net\/fr\/association\/\"},{\"@type\":\"ListItem\",\"position\":3,\"name\":\"Nos 4 principales actions\"}]},{\"@type\":\"WebSite\",\"@id\":\"https:\/\/www.gwennili.net\/fr\/#website\",\"url\":\"https:\/\/www.gwennili.net\/fr\/\",\"name\":\"Gwennili\",\"description\":\"Rencontres et \u00c9changes Interculturels\",\"potentialAction\":[{\"@type\":\"SearchAction\",\"target\":{\"@type\":\"EntryPoint\",\"urlTemplate\":\"https:\/\/www.gwennili.net\/fr\/?s={search_term_string}\"},\"query-input\":{\"@type\":\"PropertyValueSpecification\",\"valueRequired\":true,\"valueName\":\"search_term_string\"}}],\"inLanguage\":\"fr-FR\"}]}<\/script>\n<!-- \/ Yoast SEO plugin. -->","yoast_head_json":{"title":"Nos principales actions - Gwennili, association agr\u00e9\u00e9e de Jeunesse et d\u2019Education Populaire","description":"Rencontres europ\u00e9ennes, accompagnement dans le cadre du SVE, formations th\u00e9matiques, conseils sur le montage de projets europ\u00e9ens","robots":{"index":"index","follow":"follow","max-snippet":"max-snippet:-1","max-image-preview":"max-image-preview:large","max-video-preview":"max-video-preview:-1"},"canonical":"https:\/\/www.gwennili.net\/fr\/association\/nos-actions\/","og_locale":"fr_FR","og_type":"article","og_title":"Nos principales actions - Gwennili, association agr\u00e9\u00e9e de Jeunesse et d\u2019Education Populaire","og_description":"Rencontres europ\u00e9ennes, accompagnement dans le cadre du SVE, formations th\u00e9matiques, conseils sur le montage de projets europ\u00e9ens","og_url":"https:\/\/www.gwennili.net\/fr\/association\/nos-actions\/","og_site_name":"Gwennili","article_modified_time":"2017-01-27T14:37:25+00:00","og_image":[{"width":800,"height":800,"url":"https:\/\/www.gwennili.net\/fr\/wp-content\/uploads\/2015\/04\/valeurs.jpg","type":"image\/jpeg"}],"twitter_card":"summary_large_image","schema":{"@context":"https:\/\/schema.org","@graph":[{"@type":"WebPage","@id":"https:\/\/www.gwennili.net\/fr\/association\/nos-actions\/","url":"https:\/\/www.gwennili.net\/fr\/association\/nos-actions\/","name":"Nos principales actions - Gwennili, association agr\u00e9\u00e9e de Jeunesse et d\u2019Education Populaire","isPartOf":{"@id":"https:\/\/www.gwennili.net\/fr\/#website"},"primaryImageOfPage":{"@id":"https:\/\/www.gwennili.net\/fr\/association\/nos-actions\/#primaryimage"},"image":{"@id":"https:\/\/www.gwennili.net\/fr\/association\/nos-actions\/#primaryimage"},"thumbnailUrl":"https:\/\/www.gwennili.net\/fr\/wp-content\/uploads\/2015\/04\/valeurs.jpg","datePublished":"2016-07-21T12:05:40+00:00","dateModified":"2017-01-27T14:37:25+00:00","description":"Rencontres europ\u00e9ennes, accompagnement dans le cadre du SVE, formations th\u00e9matiques, conseils sur le montage de projets europ\u00e9ens","breadcrumb":{"@id":"https:\/\/www.gwennili.net\/fr\/association\/nos-actions\/#breadcrumb"},"inLanguage":"fr-FR","potentialAction":[{"@type":"ReadAction","target":["https:\/\/www.gwennili.net\/fr\/association\/nos-actions\/"]}]},{"@type":"ImageObject","inLanguage":"fr-FR","@id":"https:\/\/www.gwennili.net\/fr\/association\/nos-actions\/#primaryimage","url":"https:\/\/www.gwennili.net\/fr\/wp-content\/uploads\/2015\/04\/valeurs.jpg","contentUrl":"https:\/\/www.gwennili.net\/fr\/wp-content\/uploads\/2015\/04\/valeurs.jpg","width":800,"height":800},{"@type":"BreadcrumbList","@id":"https:\/\/www.gwennili.net\/fr\/association\/nos-actions\/#breadcrumb","itemListElement":[{"@type":"ListItem","position":1,"name":"Accueil","item":"https:\/\/www.gwennili.net\/fr\/"},{"@type":"ListItem","position":2,"name":"L&#8217;association","item":"https:\/\/www.gwennili.net\/fr\/association\/"},{"@type":"ListItem","position":3,"name":"Nos 4 principales actions"}]},{"@type":"WebSite","@id":"https:\/\/www.gwennili.net\/fr\/#website","url":"https:\/\/www.gwennili.net\/fr\/","name":"Gwennili","description":"Rencontres et \u00c9changes Interculturels","potentialAction":[{"@type":"SearchAction","target":{"@type":"EntryPoint","urlTemplate":"https:\/\/www.gwennili.net\/fr\/?s={search_term_string}"},"query-input":{"@type":"PropertyValueSpecification","valueRequired":true,"valueName":"search_term_string"}}],"inLanguage":"fr-FR"}]}},"_links":{"self":[{"href":"https:\/\/www.gwennili.net\/fr\/wp-json\/wp\/v2\/pages\/5401"}],"collection":[{"href":"https:\/\/www.gwennili.net\/fr\/wp-json\/wp\/v2\/pages"}],"about":[{"href":"https:\/\/www.gwennili.net\/fr\/wp-json\/wp\/v2\/types\/page"}],"author":[{"embeddable":true,"href":"https:\/\/www.gwennili.net\/fr\/wp-json\/wp\/v2\/users\/2"}],"replies":[{"embeddable":true,"href":"https:\/\/www.gwennili.net\/fr\/wp-json\/wp\/v2\/comments?post=5401"}],"version-history":[{"count":5,"href":"https:\/\/www.gwennili.net\/fr\/wp-json\/wp\/v2\/pages\/5401\/revisions"}],"predecessor-version":[{"id":6091,"href":"https:\/\/www.gwennili.net\/fr\/wp-json\/wp\/v2\/pages\/5401\/revisions\/6091"}],"up":[{"embeddable":true,"href":"https:\/\/www.gwennili.net\/fr\/wp-json\/wp\/v2\/pages\/5303"}],"wp:featuredmedia":[{"embeddable":true,"href":"https:\/\/www.gwennili.net\/fr\/wp-json\/wp\/v2\/media\/6950"}],"wp:attachment":[{"href":"https:\/\/www.gwennili.net\/fr\/wp-json\/wp\/v2\/media?parent=5401"}],"curies":[{"name":"wp","href":"https:\/\/api.w.org\/{rel}","templated":true}]}}

<p>[vc_row][vc_column][vc_column_text]Gwennili s&#8217;est donné pour objectif de nombreuses actions dont voici les principales&#8230;[/vc_column_text][/vc_column][/vc_row][vc_row][vc_column]<div class="title-subtile-holder"><h1 class="section-title dark_title">Nos actions</h1><div class="section-border dark_border"></div><div class="section-subtitle dark_subtitle"></div></div>[/vc_column][/vc_row][vc_row][vc_column][vc_single_image image=&#8221;6950&#8243; img_size=&#8221;full&#8221; alignment=&#8221;center&#8221;][/vc_column][/vc_row]</p>

<p>[vc_row][vc_column][vc_column_text]Gwennili s&#8217;est donné pour objectif de nombreuses actions dont voici les principales&#8230;[/vc_column_text][/vc_column][/vc_row][vc_row][vc_column][/vc_column][/vc_row][vc_row][vc_column][vc_single_image image=&#8221;6950&#8243; img_size=&#8221;full&#8221; alignment=&#8221;center&#8221;][/vc_column][/vc_row]</p>

<!-- This site is optimized with the Yoast SEO plugin v23.5 - https://yoast.com/wordpress/plugins/seo/ -->
<title>Nos principales actions - Gwennili, association agréée de Jeunesse et d’Education Populaire</title>
<meta name="description" content="Rencontres européennes, accompagnement dans le cadre du SVE, formations thématiques, conseils sur le montage de projets européens" />
<meta name="robots" content="index, follow, max-snippet:-1, max-image-preview:large, max-video-preview:-1" />
<link rel="canonical" href="https://www.gwennili.net/fr/association/nos-actions/" />
<meta property="og:locale" content="fr_FR" />
<meta property="og:type" content="article" />
<meta property="og:title" content="Nos principales actions - Gwennili, association agréée de Jeunesse et d’Education Populaire" />
<meta property="og:description" content="Rencontres européennes, accompagnement dans le cadre du SVE, formations thématiques, conseils sur le montage de projets européens" />
<meta property="og:url" content="https://www.gwennili.net/fr/association/nos-actions/" />
<meta property="og:site_name" content="Gwennili" />
<meta property="article:modified_time" content="2017-01-27T14:37:25+00:00" />
<meta property="og:image" content="https://www.gwennili.net/fr/wp-content/uploads/2015/04/valeurs.jpg" />
	<meta property="og:image:width" content="800" />
	<meta property="og:image:height" content="800" />
	<meta property="og:image:type" content="image/jpeg" />
<meta name="twitter:card" content="summary_large_image" />
<script type="application/ld+json" class="yoast-schema-graph">{"@context":"https://schema.org","@graph":[{"@type":"WebPage","@id":"https://www.gwennili.net/fr/association/nos-actions/","url":"https://www.gwennili.net/fr/association/nos-actions/","name":"Nos principales actions - Gwennili, association agréée de Jeunesse et d’Education Populaire","isPartOf":{"@id":"https://www.gwennili.net/fr/#website"},"primaryImageOfPage":{"@id":"https://www.gwennili.net/fr/association/nos-actions/#primaryimage"},"image":{"@id":"https://www.gwennili.net/fr/association/nos-actions/#primaryimage"},"thumbnailUrl":"https://www.gwennili.net/fr/wp-content/uploads/2015/04/valeurs.jpg","datePublished":"2016-07-21T12:05:40+00:00","dateModified":"2017-01-27T14:37:25+00:00","description":"Rencontres européennes, accompagnement dans le cadre du SVE, formations thématiques, conseils sur le montage de projets européens","breadcrumb":{"@id":"https://www.gwennili.net/fr/association/nos-actions/#breadcrumb"},"inLanguage":"fr-FR","potentialAction":[{"@type":"ReadAction","target":["https://www.gwennili.net/fr/association/nos-actions/"]}]},{"@type":"ImageObject","inLanguage":"fr-FR","@id":"https://www.gwennili.net/fr/association/nos-actions/#primaryimage","url":"https://www.gwennili.net/fr/wp-content/uploads/2015/04/valeurs.jpg","contentUrl":"https://www.gwennili.net/fr/wp-content/uploads/2015/04/valeurs.jpg","width":800,"height":800},{"@type":"BreadcrumbList","@id":"https://www.gwennili.net/fr/association/nos-actions/#breadcrumb","itemListElement":[{"@type":"ListItem","position":1,"name":"Accueil","item":"https://www.gwennili.net/fr/"},{"@type":"ListItem","position":2,"name":"L&#8217;association","item":"https://www.gwennili.net/fr/association/"},{"@type":"ListItem","position":3,"name":"Nos 4 principales actions"}]},{"@type":"WebSite","@id":"https://www.gwennili.net/fr/#website","url":"https://www.gwennili.net/fr/","name":"Gwennili","description":"Rencontres et Échanges Interculturels","potentialAction":[{"@type":"SearchAction","target":{"@type":"EntryPoint","urlTemplate":"https://www.gwennili.net/fr/?s={search_term_string}"},"query-input":{"@type":"PropertyValueSpecification","valueRequired":true,"valueName":"search_term_string"}}],"inLanguage":"fr-FR"}]}</script>
<!-- / Yoast SEO plugin. -->

Nos principales actions - Gwennili, association agréée de Jeunesse et d’Education Populaire

Rencontres européennes, accompagnement dans le cadre du SVE, formations thématiques, conseils sur le montage de projets européens

Rencontres et Échanges Interculturels
