{"id":7455,"date":"2019-03-22T21:45:24","date_gmt":"2019-03-22T20:45:24","guid":{"rendered":"http:\/\/www.gwennili.net\/fr\/?page_id=7455"},"modified":"2022-02-15T10:11:38","modified_gmt":"2022-02-15T09:11:38","slug":"les-volontaires-2018-2019","status":"publish","type":"page","link":"https:\/\/www.gwennili.net\/fr\/venir-chez-nous\/les-volontaires-2018-2019\/","title":{"rendered":"Les volontaires 2018-2019"},"content":{"rendered":"<p>[vc_row][vc_column][vc_gallery type=&#8221;image_grid&#8221; images=&#8221;8250&#8243; img_size=&#8221;full&#8221; onclick=&#8221;&#8221;][vc_column_text]<\/p>\n<hr \/>\n<p style=\"text-align: center;\">En conclusion de l&#8217;ann\u00e9e 2018-2019 riche en rencontres, \u00e9motions et partages, les volontaires europ\u00e9ennes Ema, Emmi, Th\u00e9a Marie, Barbara et Sara ont mis en place la journ\u00e9e du 22 mai &#8220;Prochain Arr\u00eat: l&#8217;Europe&#8221;.<\/p>\n<p style=\"text-align: center;\">Toutes les structures d&#8217;accueil &#8211; l&#8217;ULAMIR du Goyen,\u00a0 l&#8217;ESAT de Briec, le Lik\u00e8s, la MPT de Penhars, le CCAS de Plon\u00e9our-Lanvern &#8211; ont activement particip\u00e9 \u00e0 la pr\u00e9paration de cette journ\u00e9e.<br \/>\nNous remercions chaleureusement Erasmus + Jeunesse et Sport et le Conseil D\u00e9partemental du Finist\u00e8re pour leur soutien financier dans la mise en \u0153uvre de ce projet.<\/p>\n<hr \/>\n<p style=\"text-align: center;\">Vid\u00e9o r\u00e9alis\u00e9e par Anne Gouerou &#8211; Mai 2019<\/p>\n<p>[\/vc_column_text][\/vc_column][\/vc_row][vc_row][vc_column][vc_video link=&#8221;https:\/\/www.youtube.com\/watch?v=6HdUNeEeQ5U&#8221; el_width=&#8221;70&#8243; align=&#8221;center&#8221;][\/vc_column][\/vc_row][vc_row][vc_column][\/vc_column][\/vc_row]<\/p>\n","protected":false},"excerpt":{"rendered":"<p>[vc_row][vc_column][vc_gallery type=&#8221;image_grid&#8221; images=&#8221;8250&#8243; img_size=&#8221;full&#8221; onclick=&#8221;&#8221;][vc_column_text] En conclusion de l&#8217;ann\u00e9e 2018-2019 riche en rencontres, \u00e9motions et partages, les volontaires europ\u00e9ennes Ema, Emmi, Th\u00e9a Marie, Barbara et Sara ont mis en place [&hellip;]<\/p>\n","protected":false},"author":1,"featured_media":0,"parent":7466,"menu_order":0,"comment_status":"closed","ping_status":"closed","template":"templates\/template-page-left-sidebar.php","meta":{"footnotes":""},"yoast_head":"<!-- This site is optimized with the Yoast SEO plugin v23.5 - https:\/\/yoast.com\/wordpress\/plugins\/seo\/ -->\n<title>Les volontaires 2018-2019 - Gwennili<\/title>\n<meta name=\"robots\" content=\"index, follow, max-snippet:-1, max-image-preview:large, max-video-preview:-1\" \/>\n<link rel=\"canonical\" href=\"https:\/\/www.gwennili.net\/fr\/venir-chez-nous\/les-volontaires-2018-2019\/\" \/>\n<meta property=\"og:locale\" content=\"fr_FR\" \/>\n<meta property=\"og:type\" content=\"article\" \/>\n<meta property=\"og:title\" content=\"Les volontaires 2018-2019 - Gwennili\" \/>\n<meta property=\"og:description\" content=\"[vc_row][vc_column][vc_gallery type=&#8221;image_grid&#8221; images=&#8221;8250&#8243; img_size=&#8221;full&#8221; onclick=&#8221;&#8221;][vc_column_text] En conclusion de l&#8217;ann\u00e9e 2018-2019 riche en rencontres, \u00e9motions et partages, les volontaires europ\u00e9ennes Ema, Emmi, Th\u00e9a Marie, Barbara et Sara ont mis en place [&hellip;]\" \/>\n<meta property=\"og:url\" content=\"https:\/\/www.gwennili.net\/fr\/venir-chez-nous\/les-volontaires-2018-2019\/\" \/>\n<meta property=\"og:site_name\" content=\"Gwennili\" \/>\n<meta property=\"article:modified_time\" content=\"2022-02-15T09:11:38+00:00\" \/>\n<meta name=\"twitter:card\" content=\"summary_large_image\" \/>\n<meta name=\"twitter:label1\" content=\"Dur\u00e9e de lecture estim\u00e9e\" \/>\n\t<meta name=\"twitter:data1\" content=\"1 minute\" \/>\n<script type=\"application\/ld+json\" class=\"yoast-schema-graph\">{\"@context\":\"https:\/\/schema.org\",\"@graph\":[{\"@type\":\"WebPage\",\"@id\":\"https:\/\/www.gwennili.net\/fr\/venir-chez-nous\/les-volontaires-2018-2019\/\",\"url\":\"https:\/\/www.gwennili.net\/fr\/venir-chez-nous\/les-volontaires-2018-2019\/\",\"name\":\"Les volontaires 2018-2019 - Gwennili\",\"isPartOf\":{\"@id\":\"https:\/\/www.gwennili.net\/fr\/#website\"},\"datePublished\":\"2019-03-22T20:45:24+00:00\",\"dateModified\":\"2022-02-15T09:11:38+00:00\",\"breadcrumb\":{\"@id\":\"https:\/\/www.gwennili.net\/fr\/venir-chez-nous\/les-volontaires-2018-2019\/#breadcrumb\"},\"inLanguage\":\"fr-FR\",\"potentialAction\":[{\"@type\":\"ReadAction\",\"target\":[\"https:\/\/www.gwennili.net\/fr\/venir-chez-nous\/les-volontaires-2018-2019\/\"]}]},{\"@type\":\"BreadcrumbList\",\"@id\":\"https:\/\/www.gwennili.net\/fr\/venir-chez-nous\/les-volontaires-2018-2019\/#breadcrumb\",\"itemListElement\":[{\"@type\":\"ListItem\",\"position\":1,\"name\":\"Accueil\",\"item\":\"https:\/\/www.gwennili.net\/fr\/\"},{\"@type\":\"ListItem\",\"position\":2,\"name\":\"Venir chez nous\",\"item\":\"https:\/\/www.gwennili.net\/fr\/venir-chez-nous\/\"},{\"@type\":\"ListItem\",\"position\":3,\"name\":\"Les volontaires 2018-2019\"}]},{\"@type\":\"WebSite\",\"@id\":\"https:\/\/www.gwennili.net\/fr\/#website\",\"url\":\"https:\/\/www.gwennili.net\/fr\/\",\"name\":\"Gwennili\",\"description\":\"Rencontres et \u00c9changes Interculturels\",\"potentialAction\":[{\"@type\":\"SearchAction\",\"target\":{\"@type\":\"EntryPoint\",\"urlTemplate\":\"https:\/\/www.gwennili.net\/fr\/?s={search_term_string}\"},\"query-input\":{\"@type\":\"PropertyValueSpecification\",\"valueRequired\":true,\"valueName\":\"search_term_string\"}}],\"inLanguage\":\"fr-FR\"}]}<\/script>\n<!-- \/ Yoast SEO plugin. -->","yoast_head_json":{"title":"Les volontaires 2018-2019 - Gwennili","robots":{"index":"index","follow":"follow","max-snippet":"max-snippet:-1","max-image-preview":"max-image-preview:large","max-video-preview":"max-video-preview:-1"},"canonical":"https:\/\/www.gwennili.net\/fr\/venir-chez-nous\/les-volontaires-2018-2019\/","og_locale":"fr_FR","og_type":"article","og_title":"Les volontaires 2018-2019 - Gwennili","og_description":"[vc_row][vc_column][vc_gallery type=&#8221;image_grid&#8221; images=&#8221;8250&#8243; img_size=&#8221;full&#8221; onclick=&#8221;&#8221;][vc_column_text] En conclusion de l&#8217;ann\u00e9e 2018-2019 riche en rencontres, \u00e9motions et partages, les volontaires europ\u00e9ennes Ema, Emmi, Th\u00e9a Marie, Barbara et Sara ont mis en place [&hellip;]","og_url":"https:\/\/www.gwennili.net\/fr\/venir-chez-nous\/les-volontaires-2018-2019\/","og_site_name":"Gwennili","article_modified_time":"2022-02-15T09:11:38+00:00","twitter_card":"summary_large_image","twitter_misc":{"Dur\u00e9e de lecture estim\u00e9e":"1 minute"},"schema":{"@context":"https:\/\/schema.org","@graph":[{"@type":"WebPage","@id":"https:\/\/www.gwennili.net\/fr\/venir-chez-nous\/les-volontaires-2018-2019\/","url":"https:\/\/www.gwennili.net\/fr\/venir-chez-nous\/les-volontaires-2018-2019\/","name":"Les volontaires 2018-2019 - Gwennili","isPartOf":{"@id":"https:\/\/www.gwennili.net\/fr\/#website"},"datePublished":"2019-03-22T20:45:24+00:00","dateModified":"2022-02-15T09:11:38+00:00","breadcrumb":{"@id":"https:\/\/www.gwennili.net\/fr\/venir-chez-nous\/les-volontaires-2018-2019\/#breadcrumb"},"inLanguage":"fr-FR","potentialAction":[{"@type":"ReadAction","target":["https:\/\/www.gwennili.net\/fr\/venir-chez-nous\/les-volontaires-2018-2019\/"]}]},{"@type":"BreadcrumbList","@id":"https:\/\/www.gwennili.net\/fr\/venir-chez-nous\/les-volontaires-2018-2019\/#breadcrumb","itemListElement":[{"@type":"ListItem","position":1,"name":"Accueil","item":"https:\/\/www.gwennili.net\/fr\/"},{"@type":"ListItem","position":2,"name":"Venir chez nous","item":"https:\/\/www.gwennili.net\/fr\/venir-chez-nous\/"},{"@type":"ListItem","position":3,"name":"Les volontaires 2018-2019"}]},{"@type":"WebSite","@id":"https:\/\/www.gwennili.net\/fr\/#website","url":"https:\/\/www.gwennili.net\/fr\/","name":"Gwennili","description":"Rencontres et \u00c9changes Interculturels","potentialAction":[{"@type":"SearchAction","target":{"@type":"EntryPoint","urlTemplate":"https:\/\/www.gwennili.net\/fr\/?s={search_term_string}"},"query-input":{"@type":"PropertyValueSpecification","valueRequired":true,"valueName":"search_term_string"}}],"inLanguage":"fr-FR"}]}},"_links":{"self":[{"href":"https:\/\/www.gwennili.net\/fr\/wp-json\/wp\/v2\/pages\/7455"}],"collection":[{"href":"https:\/\/www.gwennili.net\/fr\/wp-json\/wp\/v2\/pages"}],"about":[{"href":"https:\/\/www.gwennili.net\/fr\/wp-json\/wp\/v2\/types\/page"}],"author":[{"embeddable":true,"href":"https:\/\/www.gwennili.net\/fr\/wp-json\/wp\/v2\/users\/1"}],"replies":[{"embeddable":true,"href":"https:\/\/www.gwennili.net\/fr\/wp-json\/wp\/v2\/comments?post=7455"}],"version-history":[{"count":9,"href":"https:\/\/www.gwennili.net\/fr\/wp-json\/wp\/v2\/pages\/7455\/revisions"}],"predecessor-version":[{"id":8249,"href":"https:\/\/www.gwennili.net\/fr\/wp-json\/wp\/v2\/pages\/7455\/revisions\/8249"}],"up":[{"embeddable":true,"href":"https:\/\/www.gwennili.net\/fr\/wp-json\/wp\/v2\/pages\/7466"}],"wp:attachment":[{"href":"https:\/\/www.gwennili.net\/fr\/wp-json\/wp\/v2\/media?parent=7455"}],"curies":[{"name":"wp","href":"https:\/\/api.w.org\/{rel}","templated":true}]}}

<p>[vc_row][vc_column][vc_gallery type=&#8221;image_grid&#8221; images=&#8221;8250&#8243; img_size=&#8221;full&#8221; onclick=&#8221;&#8221;][vc_column_text]</p>
<hr />
<p style="text-align: center;">En conclusion de l&#8217;année 2018-2019 riche en rencontres, émotions et partages, les volontaires européennes Ema, Emmi, Théa Marie, Barbara et Sara ont mis en place la journée du 22 mai &#8220;Prochain Arrêt: l&#8217;Europe&#8221;.</p>
<p style="text-align: center;">Toutes les structures d&#8217;accueil &#8211; l&#8217;ULAMIR du Goyen,  l&#8217;ESAT de Briec, le Likès, la MPT de Penhars, le CCAS de Plonéour-Lanvern &#8211; ont activement participé à la préparation de cette journée.<br />
Nous remercions chaleureusement Erasmus + Jeunesse et Sport et le Conseil Départemental du Finistère pour leur soutien financier dans la mise en œuvre de ce projet.</p>
<hr />
<p style="text-align: center;">Vidéo réalisée par Anne Gouerou &#8211; Mai 2019</p>
<p>[/vc_column_text][/vc_column][/vc_row][vc_row][vc_column][vc_video link=&#8221;https://www.youtube.com/watch?v=6HdUNeEeQ5U&#8221; el_width=&#8221;70&#8243; align=&#8221;center&#8221;][/vc_column][/vc_row][vc_row][vc_column][/vc_column][/vc_row]</p>

<p>[vc_row][vc_column][vc_gallery type=&#8221;image_grid&#8221; images=&#8221;8250&#8243; img_size=&#8221;full&#8221; onclick=&#8221;&#8221;][vc_column_text] En conclusion de l&#8217;année 2018-2019 riche en rencontres, émotions et partages, les volontaires européennes Ema, Emmi, Théa Marie, Barbara et Sara ont mis en place [&hellip;]</p>

<!-- This site is optimized with the Yoast SEO plugin v23.5 - https://yoast.com/wordpress/plugins/seo/ -->
<title>Les volontaires 2018-2019 - Gwennili</title>
<meta name="robots" content="index, follow, max-snippet:-1, max-image-preview:large, max-video-preview:-1" />
<link rel="canonical" href="https://www.gwennili.net/fr/venir-chez-nous/les-volontaires-2018-2019/" />
<meta property="og:locale" content="fr_FR" />
<meta property="og:type" content="article" />
<meta property="og:title" content="Les volontaires 2018-2019 - Gwennili" />
<meta property="og:description" content="[vc_row][vc_column][vc_gallery type=&#8221;image_grid&#8221; images=&#8221;8250&#8243; img_size=&#8221;full&#8221; onclick=&#8221;&#8221;][vc_column_text] En conclusion de l&#8217;année 2018-2019 riche en rencontres, émotions et partages, les volontaires européennes Ema, Emmi, Théa Marie, Barbara et Sara ont mis en place [&hellip;]" />
<meta property="og:url" content="https://www.gwennili.net/fr/venir-chez-nous/les-volontaires-2018-2019/" />
<meta property="og:site_name" content="Gwennili" />
<meta property="article:modified_time" content="2022-02-15T09:11:38+00:00" />
<meta name="twitter:card" content="summary_large_image" />
<meta name="twitter:label1" content="Durée de lecture estimée" />
	<meta name="twitter:data1" content="1 minute" />
<script type="application/ld+json" class="yoast-schema-graph">{"@context":"https://schema.org","@graph":[{"@type":"WebPage","@id":"https://www.gwennili.net/fr/venir-chez-nous/les-volontaires-2018-2019/","url":"https://www.gwennili.net/fr/venir-chez-nous/les-volontaires-2018-2019/","name":"Les volontaires 2018-2019 - Gwennili","isPartOf":{"@id":"https://www.gwennili.net/fr/#website"},"datePublished":"2019-03-22T20:45:24+00:00","dateModified":"2022-02-15T09:11:38+00:00","breadcrumb":{"@id":"https://www.gwennili.net/fr/venir-chez-nous/les-volontaires-2018-2019/#breadcrumb"},"inLanguage":"fr-FR","potentialAction":[{"@type":"ReadAction","target":["https://www.gwennili.net/fr/venir-chez-nous/les-volontaires-2018-2019/"]}]},{"@type":"BreadcrumbList","@id":"https://www.gwennili.net/fr/venir-chez-nous/les-volontaires-2018-2019/#breadcrumb","itemListElement":[{"@type":"ListItem","position":1,"name":"Accueil","item":"https://www.gwennili.net/fr/"},{"@type":"ListItem","position":2,"name":"Venir chez nous","item":"https://www.gwennili.net/fr/venir-chez-nous/"},{"@type":"ListItem","position":3,"name":"Les volontaires 2018-2019"}]},{"@type":"WebSite","@id":"https://www.gwennili.net/fr/#website","url":"https://www.gwennili.net/fr/","name":"Gwennili","description":"Rencontres et Échanges Interculturels","potentialAction":[{"@type":"SearchAction","target":{"@type":"EntryPoint","urlTemplate":"https://www.gwennili.net/fr/?s={search_term_string}"},"query-input":{"@type":"PropertyValueSpecification","valueRequired":true,"valueName":"search_term_string"}}],"inLanguage":"fr-FR"}]}</script>
<!-- / Yoast SEO plugin. -->

[vc_row][vc_column][vc_gallery type=&#8221;image_grid&#8221; images=&#8221;8250&#8243; img_size=&#8221;full&#8221; onclick=&#8221;&#8221;][vc_column_text] En conclusion de l&#8217;année 2018-2019 riche en rencontres, émotions et partages, les volontaires européennes Ema, Emmi, Théa Marie, Barbara et Sara ont mis en place [&hellip;]

Rencontres et Échanges Interculturels
